second derivative of l**5/20 + l**4/6 - l**3/6 - l**2/2 - l. Let a be 15 - (0/1 - -1). Let n be ((-33)/(-22))/(1 - a/8). Calculate i(n).
1
Suppose -27 = -m - 36. Let f(p) = p + 2. Let a(k) = -5*k - 8. Suppose -5*g - 37 + 9 = 4*x, g = 5*x + 6. Let y(b) = m*f(b) + x*a(b). Calculate y(-3).
-5
Let i(j) = -6*j**2 - j**3 + 0*j**2 + 2*j**2 - 2 - 4*j. Suppose 5*x + 18 - 208 = -y, -x + 3*y = -38. Let v be 32/40 - x/10. Give i(v).
1
Let s(j) = 3 - 3*j + 2 + 1 - 3. Let o = -25 + 20. Let d be (-2)/((o + 3)/2). Determine s(d).
-3
Let c(f) = 7*f - 9. Let d(y) = 3*y - 4. Suppose -2*b = 5*a - 0 - 3, -5*b + 23 = -3*a. Let w(g) = b*c(g) - 9*d(g). Let z be (-1 - 18/2)*57/114. Determine w(z).
-5
Let t(v) = -4*v**2 - 179*v + 44. Let f be t(-45). Let q(u) be the second derivative of 2*u**3/3 - u. Determine q(f).
-4
Suppose -8*g - 3*x - 10 = -13*g, -3 = -2*g + x. Let w(h) = -6*h**2 - 2*h - 1. Give w(g).
-5
Let x(y) = -3*y**3 - 5*y**2 + 2*y + 10. Let d(u) = 8*u**3 + 16*u**2 - 3*u - 31. Let f(s) = -4*d(s) - 11*x(s). Give f(10).
14
Let l(b) = -4*b + 13. Let y = -141 - -145. What is l(y)?
-3
Let l(x) = x**2 - 7*x - 13. Let r be l(6). Let v = r + 15. Let t(q) = -6*q**2 - 1 - 3 + q**2 - 4*q - q**3. Give t(v).
-4
Suppose c = -n + 3*n - 15, 5*n - 45 = 5*c. Let k(g) = -6*g**2 - 2*g - 15. Let d(u) = 5*u**2 + u + 13. Let w(l) = n*k(l) + 7*d(l). Give w(-7).
-13
Let z(p) = p**3 + 6*p**2 - 6*p + 3. Suppose s + 13 = -8*m + 10*m, 5*m - 22 = s. Give z(s).
-4
Let s = -12 + 15. Let w(t) = -2*t + 2 - 2*t - s*t**2 + t + 0*t. Determine w(-3).
-16
Let v(g) = g**2 + 5*g - 5. Let k(o) = -2*o + 1. Let x(a) = -2*k(a) - v(a). Let f(u) = -2*u + 0 + u**2 + 4 + 8*u. Let n be f(-4). Determine x(n).
-9
Suppose -28 = -5*m - 5*p + 57, 3*p = -m + 25. Let q(h) = -h**2 + 13*h. What is q(m)?
0
Let t(n) = 2*n - 5. Let x(d) = d + 2. Suppose -3 = -3*f - 0*f - a, -f + 5*a - 15 = 0. Suppose f*w - 2 = -w. Let q be x(w). Give t(q).
3
Let v = -14 + 41. Let o(k) = k - 19. Determine o(v).
8
Suppose -5*t + 2*t = 0. Let o be -1 + 20 + -2 + t. Suppose 3*b - o = -2. Let k(i) = i**2 - 4*i + 2. What is k(b)?
7
Let w be (0 - (-15)/(-3)) + 2. Let d be (-2 - (-34)/(-6))*-3. Let j(m) = -11*m - 15*m - m**2 + d*m. Determine j(w).
0
Let y(i) = -i + 3089 + 3093 - 6183. What is y(-13)?
12
Let u be ((-8)/5)/(86/215). Let h be (-8)/(-6)*(-3)/(-2). Let k(l) = h + 3*l + 4*l - 6*l. Determine k(u).
-2
Let k(x) = 5*x + 40. Let h be k(-9). Let s(j) = -j - 13. What is s(h)?
-8
Let c(h) = 9*h**2 - 4*h + 2 + 12*h**2 - 2*h - 20*h**2. Suppose 0*l = 3*l - 15. Calculate c(l).
-3
Suppose -8*d - 212 = -276. Let q(g) = g**2 - 7*g + 14. Determine q(d).
22
Suppose -19 = n - 3*l, -2*n - 3*l = 15 - 4. Let j = -7 - n. Let u(p) = -3*p**2 + 5*p**2 - j*p + 0*p**2. Calculate u(2).
2
Let v(i) = 2*i**2 + 7*i + 2. Let a(d) = -5*d**2 - 15*d - 3. Let p(b) = 3*a(b) + 7*v(b). Let t(j) = 37*j - 1141. Let g be t(31). What is p(g)?
-7
Let q(r) = -r - 5. Suppose 11*c = 8*c + d + 12, 4*c + d - 16 = 0. Let t be (12 + -1 + 1)*1. Suppose -c*l + t = -l. What is q(l)?
-9
Let l(u) = -13*u + 18. Let h(t) = 4*t - 6. Suppose 6 = 2*x, -2*k - 3*k = -3*x - 26. Let o(m) = k*h(m) + 2*l(m). Let n be 1*-4*(0 + -1). What is o(n)?
2
Suppose 0 = -7*a + 24 + 88. Let f(v) = a*v**2 + 14*v**2 - 10 + 0*v - 31*v**2 + 10*v. Determine f(9).
-1
Let p(f) = -f**2 + 8*f + 10. Let w = -26 + 20. Let i = w + 14. Calculate p(i).
10
Let p(i) = 17 + 21 + 16 - 42 + 2*i. Calculate p(-11).
-10
Let s(i) = -i**3 - i - 2. Let o be s(-1). Let a(z) = z + 28. What is a(o)?
28
Let w(r) = -10*r + 5. Let j(z) = 11*z - 5. Let c(s) = 6*j(s) + 7*w(s). Give c(5).
-15
Suppose 3*t = -5*k + 13 + 25, -3*k = t - 26. Let j(x) = 2*x - 7. Determine j(k).
13
Let z(r) = r**3 - 2*r**2 + 3*r - 8. Let y be z(4). Suppose -8 = 4*a + 8, y = 4*s - 2*a. Let j(w) = 5*w - 2*w**2 - 5 + w + w + w**2. Determine j(s).
-5
Suppose 3*k = 2*l + 39, -4 = -3*k - 5*l + 14. Let m(t) be the third derivative of -t**4/24 + 7*t**3/3 + 61*t**2 + 7*t - 2. Determine m(k).
3
Let c(f) = -5 + 3 - 4 - 7 + f. Suppose 0 = -238*j + 241*j - 18. Give c(j).
-7
Let t = -6 - 2. Let f = t + 15. Suppose 0 = -a + f - 5. Let l(s) = 3*s - 2. What is l(a)?
4
Let n(k) = 2*k**3 + 2*k**2 - 5*k - 2. Let j(g) = -5*g**2 - 41*g - 11. Let r be j(-8). Give n(r).
-23
Let p = 105 + -100. Let k(c) = -c**3 + 7*c**2 - 13*c + 12. Let b be k(p). Let o(u) = u + 1. What is o(b)?
-2
Let w(h) = -h + 10. Let b be w(10). Let v(q) = -12*q**2 - 2*q + 1. Let g(z) = 7*z**2 + z. Let t(p) = 5*g(p) + 3*v(p). What is t(b)?
3
Let t(h) be the third derivative of 1/12*h**5 - 5/6*h**3 + 0*h + 0 + 1/24*h**4 + 17*h**2 - 1/120*h**6. Give t(5).
0
Let b(m) = -m**2 - 9*m - 5. Let v be (1/(-2))/(35/630). What is b(v)?
-5
Let p(v) = -6*v**2 + 5*v + 5. Let r(g) = -7*g**2 + 6*g + 5. Let x(a) = 6*p(a) - 5*r(a). Let z = 234 + -234. Give x(z).
5
Let r(q) = 4*q**2 - 12*q + 6. Let j(n) = -11 - 2 + 6*n**2 - 8*n - 3*n**2 + 17. Let p(c) = -7*j(c) + 5*r(c). Calculate p(-4).
2
Let u(n) = -n + 1. Let q(l) = l**2 - 6*l + 3. Let a(r) = -q(r) + 2*u(r). Suppose 4*x + 36 = 4*b, -4*b + 24 = -2*b + 4*x. Let v be (3/3)/(2/b). Determine a(v).
-6
Let v = -7 + 7. Suppose 3*x + 0*o = -4*o + 4, -4*x - 3*o + 17 = v. Let d(n) = 2*n - 2*n**3 + x + 3*n**2 - n**2 - 6 - 4*n. Determine d(2).
-10
Let m(o) = -o - 16. Let k = -1 - -5. Let x(q) = 4 + 3 - 7 + k. Let c(d) = 2*m(d) + 9*x(d). Determine c(-3).
10
Let j(w) = w**3 + 2*w**2 + w + 4. Let h be 5*(-19)/(665/(-28)). Let t(f) = f**2 + 6*f + 2. Let b be t(-4). Let x be (b/(-8))/((-1)/h). Determine j(x).
-8
Let j(r) = -3*r + 6. Let o = 75 - 79. Let g(v) = 10*v - 17. Let k(m) = o*g(m) - 11*j(m). What is k(-2)?
16
Suppose -n - 3*u = -2*n - 3, 5*n - 21 = -3*u. Suppose 0*g + n*g = 9. Let j(c) = 5*c + c + c**2 + 3*c**2 - g*c + 3. What is j(-2)?
13
Let j be (3/1)/(6 - (-104)/(-16)). Let f be 2/3 - 20/3. Let a(t) = 7*t**2 + 8*t + 5. Let h(u) = -8*u**2 - 8*u - 5. Let v(z) = f*h(z) - 7*a(z). Give v(j).
7
Suppose -13 = -33*o - 508. Let t(b) = -b**2 - 15*b - 4. Determine t(o).
-4
Let i(l) = 4*l**3 + l**2 - l + 1. Let p = 120 - 119. Calculate i(p).
5
Let r(k) = -k**3 + 3*k**2 + 3*k + 1. Let o = 325 + -327. Give r(o).
15
Suppose 0 = 2*g - 7*g - 4*l - 46, g + l = -10. Let o(j) = -21 - 19 + 55 - j**2 - 6*j - 19. Determine o(g).
-4
Let j(h) = -3*h - 6. Let y(i) = 7*i + 13. Let s(g) = -9*j(g) - 4*y(g). Give s(1).
1
Let n(r) = -8*r - 2. Let d(c) = 3*c - 1. Let w(m) = -3*d(m) - n(m). Calculate w(4).
1
Let t(q) be the third derivative of 1/2*q**3 + 1/60*q**5 - 5*q**2 + 1/12*q**4 + 0 + 0*q. Give t(-3).
6
Let w = -36 - -29. Let n be (14/(-6))/w*9. Let q(v) = v**2 - 3*v. Calculate q(n).
0
Suppose 16*v + 59 = 27. Let g(z) = -12*z - 4. What is g(v)?
20
Let p(v) = -6*v - 26. Let x = -190 - -185. What is p(x)?
4
Let q = -453 + 446. Let l(h) = -h**2 - 6*h. Calculate l(q).
-7
Let n(d) be the third derivative of -d**4/24 - d**3/6 + 3*d**2 - 11. Determine n(-2).
1
Let o(c) be the first derivative of c**2/2 - 4*c - 7. Let n(b) = b**3 + 8*b**2 + 11*b - 2. Let p be n(-6). Determine o(p).
0
Let a(n) = n**3 - 2*n**2 + 1. Let s(b) = -12*b**3 + b**2 + 2*b - 2. Let u be s(1). Let f(c) = -c**2 - 11*c + 3. Let p be f(u). What is a(p)?
10
Let s(w) = 6*w**3 + 1. Suppose 6 = -2*v - 0. Let o be (-8)/v - (-3)/9. Suppose 3*q = -0 + o. Calculate s(q).
7
Let q(u) = -3*u**3 + u**2 - 1. Let c = -1 - 1. Let s = -115 + 116. Let z = s + c. Determine q(z).
3
Let h = 67 - 104. Let b = h + 44. Let l(r) = -5*r + r**2 + 4*r + b*r - 10. What is l(-7)?
-3
Let j(d) be the first derivative of -d**5/60 - d**4/12 - d**3 + 12. Let w(u) be the third derivative of j(u). Determine w(-4).
6
Let z(p) = p**3 - p**2 - p + 1. Let m be 4 - (-4)/(-2) - -1. Suppose 2*c = 0, -4*l - c - m*c = -8. Give z(l).
3
Let f(t) = -3*t + 3. Suppose 6*g - 44*g + 114 = 0. What is f(g)?
-6
Let v(o) be the second derivative of -o**4/24 - 3*o**2 + 12*o. Let m(l) be the first derivative of v(l). What is m(-4)?
4
Let h = -3 - -1. Let z(v) = v + 3. Let w(o) = 11*o + 1. Let l(m) = -5*m - 1. Let k(t) = -7*l(t) - 3*w(t). Let f(c) = h*k(c) + 3*z(c). What is f(4)?
-3
Suppose -3*q - 30 = 3*l, 0 = -l + 3*q - 2*q. Let r be -2 + 1 + (l - -8). Let k(t) = 4 - 1 - 14*t**r - 2 - 6*t + 7*t. Determine k(-1).
-14
Suppose 5*p - 8 = p. Suppose -2*k + 3 = -x, -3*k = x + p*k - 11. Let j(s) = 3*s**2 - x - 3*s - 